2*m. Suppose -33*o = -36*o + a. Calculate the greatest common divisor of o and 176.
22
Let n be (18 + -14)*(28 - 8). What is the highest common divisor of 890 and n?
10
Suppose 0 = -2011*i + 2024*i - 910. What is the highest common divisor of 378 and i?
14
Let c be 312 + (-3)/2*112/24. What is the highest common divisor of c and 6405?
305
Let z(a) = -12*a + 16. Let j be z(3). Let k be 4 + j/6*171/(-95). Suppose 43 + 57 = 5*w. Calculate the greatest common divisor of k and w.
10
Let k(l) = -l**2 + 4*l + 24. Let m be k(7). Suppose -2*y - 6*c + 244 = -c, -5*y = -m*c - 548. Calculate the greatest common divisor of 7 and y.
7
Let z(f) = -f**2 - 13*f - 25. Suppose -5*i - 2 = 3*x + 18, -32 = i - 5*x. Let s be z(i). What is the highest common divisor of 153 and s?
17
Let s(u) = -100*u - 304. Let d be (3/(-2 - 1))/((-3)/(-15)). Let t be s(d). Calculate the greatest common divisor of t and 12.
4
Let r(x) = 22*x - 835. Let i be r(39). What is the greatest common divisor of 56741 and i?
23
Suppose -6*x = -3*x - 39. Suppose -16*w - 116 = -18*w. Let f = 71 - w. Calculate the highest common divisor of f and x.
13
Suppose -4*y + 36 = 4*b, 3*y = -3*b - b + 26. Let m(f) = f**3 - 39*f**2 + 2*f + 12. Let a be m(39). What is the highest common factor of y and a?
10
Suppose -5 = -9*r + 4. Let s be (1 + 159)*(r + 0/(-3)). Suppose 3*p = -2*p + s. Calculate the highest common factor of 288 and p.
32
Let r = 391 + 9. Suppose -7*k = -104 - r. Let c = 26 - 8. Calculate the greatest common factor of c and k.
18
Let m = 185 + -131. Suppose 8*p - m = -10*p. What is the greatest common divisor of p and 1?
1
Suppose 5*r - j = 994 - 618, 3*r = -5*j + 248. Let b be 1 + (1 - 1) + 56. Calculate the highest common factor of r and b.
19
Suppose -3*o - 4*m + 100 = o, -3*o + 70 = 4*m. Suppose -o = -r + 26. What is the greatest common divisor of r and 504?
56
Let z be (-7)/(28/(-166)) - (-2)/4. Suppose -108 = -2*l - z. What is the highest common divisor of l and 297?
33
Let c = 232 + -107. Suppose 1500 = -5522*o + 2773*o + 2769*o. Calculate the greatest common divisor of c and o.
25
Let r(k) = -44*k - 570. Let u be r(-13). What is the greatest common divisor of 654 and u?
2
Suppose 0 = -25*m + 4973 + 5677. What is the highest common factor of 1136 and m?
142
Let k be (4 - -2 - -129) + 24/8. Calculate the highest common divisor of 12 and k.
6
Suppose -5*o = 3*l - 6591, 74*l + 12 = 70*l. What is the highest common divisor of 360 and o?
120
Suppose -80*b - 17*b + 283457 + 60893 = 0. Calculate the greatest common divisor of 50 and b.
50
Let d be -10 + 9 - (-572 - -2). Let t = d - 554. What is the greatest common divisor of 5 and t?
5
Let o = -7559 - -7597. Suppose 4*t - 740 = -5*q, -62 + 645 = 4*q + 5*t. What is the greatest common factor of o and q?
38
Let f(v) = -v**2 - 4*v + 2. Let o be f(-3). Suppose -o*d = 8 - 1438. What is the highest common divisor of 22 and d?
22
Let o be (-1)/(-3) + (-26)/6. Let u be 4/6*(-234)/o. Let d = 127 + -101. Calculate the greatest common factor of d and u.
13
Let f be -26*(26/(-6))/(44/132). What is the greatest common divisor of 2106 and f?
26
Let x be 15/(((-13)/(5616/60))/(20/(-6))). What is the highest common factor of x and 171?
9
Let w(q) = 4*q**2 - 217*q + 55. Let h be w(54). Suppose 0 = m - 1, 2*m = 5*x - 0*m - 28. What is the greatest common factor of h and x?
1
Suppose 0 = -193*b + 195*b - 4. Let y be b*2913/18 - (-1)/3. Calculate the greatest common divisor of y and 27.
27
Let c = -1 + 11. Let f = 384 + -398. Let k be (100/f)/(17/(-119)). Calculate the highest common factor of k and c.
10
Let q be (-69)/(-18) + (-2)/12*-1. Suppose -q*m + 22 = -122. Let w = m - 24. What is the greatest common factor of w and 3?
3
Let c(y) = 2*y**2 + 20*y - 8. Let k(d) = -d + 9. Let r be k(19). Let b be c(r). Let l be (-2*1)/(16/b). Calculate the highest common divisor of l and 2.
1
Let c be 4 - ((-5)/6 + 713/(-138)). Let n be ((1 + 219)/(-11))/((-2)/c). Calculate the highest common divisor of n and 30.
10
Let o(j) = -12*j - 5. Let k be o(2). Let z be (k + (0 - -5))/(-2). Calculate the highest common factor of z and 30.
6
Let b(y) = 2*y + 2. Let n be b(5). Let x be (-70)/(-21)*15804/30. Suppose 3*m + x = 2152. What is the highest common divisor of m and n?
12
Let i be 78/(-26)*8/6. Let d be (-35 - -3)/i*33/44. What is the highest common divisor of 498 and d?
6
Let w(k) = 2*k**3 + 95*k**2 + 123*k + 48. Let x be w(-46). Calculate the greatest common factor of x and 126.
18
Suppose -3*p - h - 3 = -0, 0 = 4*p - 3*h + 17. Let j be (-2)/p - 3/((-6)/20). Suppose -6*o = -133 - j. Calculate the greatest common factor of 3 and o.
3
Let g(j) = 27*j**2 + 229*j + 1015. Let w be g(-5). Calculate the highest common divisor of 9701 and w.
109
Suppose 2*c - 215 - 13 = 0. Let v(o) = o**3 - 6*o**2 + 2*o + 6. Let p be v(7). Let s = c - p. Calculate the highest common divisor of s and 5.
5
Suppose 0 = -5*b - 3*y + 2893, -36*b + 33*b = y - 1731. Calculate the highest common factor of b and 23.
23
Suppose -u - u + 126 = 0. Let q be 670/25 - 18/(-90). Calculate the highest common divisor of u and q.
9
Let z be ((-184)/(-32) + -6)/((-5)/17050)*2. What is the highest common factor of z and 88?
11
Suppose 0 = 2*f - 308*l + 309*l - 3806, 3*f = -10*l + 5760. What is the highest common divisor of f and 64?
4
Let g = 67 + -128. Let y(z) = -100*z**3 - 3*z**2 + 2*z. Let u be y(1). Let h = g - u. Calculate the greatest common factor of 120 and h.
40
Let w be 42 - (-7 + 17 + -3). Suppose 0 = -3*j - 3*m + 30, -31*m + w*m + 20 = 0. Calculate the greatest common divisor of j and 21.
3
Suppose -230 = -3*a + 5*u, 2*a + 47 = -4*u + 193. Suppose 64*s = a*s - 6468. Calculate the greatest common factor of 42 and s.
42
Suppose 0 = -6*y + 2*y + 8, -4*y = -3*b - 2. Suppose -9 = -d - b*x, 6 + 9 = -d + 4*x. Let m be -8 + 10 + (0 - d). What is the highest common divisor of 7 and m?
1
Let c = 32988 + -32939. Let v = 14 - 0. Calculate the highest common divisor of c and v.
7
Let q = 927 - 805. What is the greatest common divisor of 2867 and q?
61
Let c(j) = 1234*j**3 + 13*j - 19. Let o be c(2). What is the greatest common divisor of 111 and o?
111
Let j = -2519 + 4480. Calculate the greatest common divisor of j and 37.
37
Let z = 61 + -13. Suppose 0 = 69*q - 70*q + z. What is the greatest common factor of 112 and q?
16
Let a(f) = f**3 + 21*f**2 + 56*f + 35. Let s be a(-18). Let w(q) = -17*q**3 + q**2 + 2*q + 2. Let i be w(s). What is the greatest common factor of 576 and i?
18
Let j be -2*21/(-14)*-6. Let r be j/(-14) + 6/(-21). What is the greatest common factor of r and 23?
1
Let w(a) = 6*a - 4. Suppose 6*n + 77 = 13*n. Let b be w(n). Let r = 262 - b. What is the highest common divisor of 40 and r?
40
Suppose 4*u - 112 = -2*o, 4*u - 264 + 98 = -3*o. Let s = -405 + 286. Let t = -83 - s. Calculate the highest common factor of t and o.
18
Suppose 13*l - 481 = 1859. Suppose -19*x + l = -17*x. What is the greatest common factor of 855 and x?
45
Let f = 303 + -249. Let b be (-1)/(-2)*(f + -3 + 9). What is the highest common divisor of b and 12?
6
Let k(l) = -153*l + 18. Let u be k(-3). Let z = 500 - 341. Suppose 14*f - z = 11*f. What is the highest common divisor of f and u?
53
Suppose -502*q = -510*q + 184. Suppose 31 - 491 = -4*s. Let z = 46 + s. What is the highest common divisor of q and z?
23
Let o = 3543 + -3356. Calculate the highest common divisor of 11407 and o.
187
Let p = -26 - -34. Let o be (-1*2/8)/((-2)/p). Suppose -3*u + 2 = -o. What is the highest common factor of 1 and u?
1
Let f be 4 + (-67 - -23) + (0 - -4). Let k be ((-35)/(-2))/((-10)/20). Let b = k - f. What is the highest common divisor of 11 and b?
1
Suppose 6*g - 36 = 2*g. Suppose 5*h - 3*n - 306 = -4*n, 0 = 5*h + 3*n - 288. Calculate the highest common divisor of h and g.
9
Let d(u) = 6*u + 0*u + 134 + 6*u + 6*u - 22*u. Let r be d(-16). Suppose l + 36 = 2*y, -3*l + 4*l = 0. What is the highest common divisor of r and y?
18
Suppose 0 = x + 4*x + c - 91, -3*x + c = -53. Suppose -20*b + 11 = -31*b. Let f be (1/(-4) - b/(-2))*-48. Calculate the greatest common factor of f and x.
18
Let d = 99 + -92. Let p(a) = 7*a + 28. Let z be p(5). Calculate the greatest common factor of z and d.
7
Let b be 12/(-138) - (-98355)/345. Calculate the greates